{"id":58,"date":"2013-11-06T21:29:18","date_gmt":"2013-11-06T19:29:18","guid":{"rendered":"http:\/\/karifa.einfachgluecklichsein.info\/?page_id=58"},"modified":"2014-07-25T12:45:41","modified_gmt":"2014-07-25T11:45:41","slug":"ankunft","status":"publish","type":"page","link":"https:\/\/karifa.de\/?page_id=58","title":{"rendered":"Fahrzeug"},"content":{"rendered":"<p>F\u00fcr unsere jetzige Reise haben wir uns ein wendiges Fortbewegungsmittel gew\u00fcnscht. Die Wahl fiel auf einen Nissan Hardbody, hergestellt in S\u00fcdafrika, BJ 2000.\u00a0 Nat\u00fcrlich hatten wir 2008 gro\u00dfen Luxus genossen mit eigener Bordtoilette, K\u00fcche und richtigem Bett inunserem Oldtimer-LKW. Nun werden wir mit Dachzelt, einflammigen Campingkocher und Kofferraum auskommen. Allrad und Untersetzungsgetriebe sind jedoch auch hier ein &#8222;must have&#8220;.<br \/>\nngg_shortcode_0_placeholder<br \/>\nMit diesem Wagen haben die Vorbesitzer, Ulla und Erik, in den letzen 10 Jahren schon viele L\u00e4nder im s\u00fcdlichen und \u00f6stlichen Afrika bereist.<\/p>\n<p>&nbsp;<\/p>\n<p>&nbsp;<\/p>\n<p>&nbsp;<\/p>\n<p>&nbsp;<\/p>\n<p>&nbsp;<\/p>\n","protected":false},"excerpt":{"rendered":"<p>F\u00fcr unsere jetzige Reise haben wir uns ein wendiges Fortbewegungsmittel gew\u00fcnscht. Die Wahl fiel auf einen Nissan Hardbody, hergestellt in S\u00fcdafrika, BJ 2000.\u00a0 Nat\u00fcrlich hatten wir 2008 gro\u00dfen Luxus genossen mit eigener Bordtoilette, K\u00fcche und richtigem Bett inunserem Oldtimer-LKW. Nun werden wir mit Dachzelt, einflammigen Campingkocher und Kofferraum auskommen. Allrad und Untersetzungsgetriebe sind jedoch auch [&hellip;]<\/p>\n","protected":false},"author":2,"featured_media":169,"parent":37,"menu_order":0,"comment_status":"closed","ping_status":"open","template":"sidebar-page.php","meta":{"ngg_post_thumbnail":0,"footnotes":""},"class_list":["post-58","page","type-page","status-publish","has-post-thumbnail","hentry"],"_links":{"self":[{"href":"https:\/\/karifa.de\/index.php?rest_route=\/wp\/v2\/pages\/58","targetHints":{"allow":["GET"]}}],"collection":[{"href":"https:\/\/karifa.de\/index.php?rest_route=\/wp\/v2\/pages"}],"about":[{"href":"https:\/\/karifa.de\/index.php?rest_route=\/wp\/v2\/types\/page"}],"author":[{"embeddable":true,"href":"https:\/\/karifa.de\/index.php?rest_route=\/wp\/v2\/users\/2"}],"replies":[{"embeddable":true,"href":"https:\/\/karifa.de\/index.php?rest_route=%2Fwp%2Fv2%2Fcomments&post=58"}],"version-history":[{"count":13,"href":"https:\/\/karifa.de\/index.php?rest_route=\/wp\/v2\/pages\/58\/revisions"}],"predecessor-version":[{"id":174,"href":"https:\/\/karifa.de\/index.php?rest_route=\/wp\/v2\/pages\/58\/revisions\/174"}],"up":[{"embeddable":true,"href":"https:\/\/karifa.de\/index.php?rest_route=\/wp\/v2\/pages\/37"}],"wp:featuredmedia":[{"embeddable":true,"href":"https:\/\/karifa.de\/index.php?rest_route=\/wp\/v2\/media\/169"}],"wp:attachment":[{"href":"https:\/\/karifa.de\/index.php?rest_route=%2Fwp%2Fv2%2Fmedia&parent=58"}],"curies":[{"name":"wp","href":"https:\/\/api.w.org\/{rel}","templated":true}]}}