{"id":65,"date":"2013-11-06T21:38:13","date_gmt":"2013-11-06T19:38:13","guid":{"rendered":"http:\/\/karifa.einfachgluecklichsein.info\/?page_id=65"},"modified":"2014-12-29T16:54:48","modified_gmt":"2014-12-29T15:54:48","slug":"ueber-uns","status":"publish","type":"page","link":"https:\/\/karifa.de\/?page_id=65","title":{"rendered":"Nicole &#038; Uwe"},"content":{"rendered":"<p><img loading=\"lazy\" decoding=\"async\" class=\"wp-image-51 alignleft\" src=\"http:\/\/karifa.de\/wp-content\/uploads\/2013\/10\/cropped-DSC03792.jpg\" alt=\"cropped-DSC03792.jpg\" width=\"494\" height=\"241\" \/><\/p>\n<p>&nbsp;<\/p>\n<p>&nbsp;<\/p>\n<p>&nbsp;<\/p>\n<p>&nbsp;<\/p>\n<p>&nbsp;<\/p>\n<p>&nbsp;<\/p>\n<p><strong>Wer sind wir? <\/strong>Wir, das sind Uwe Filippi (Jahrgang \u00b467) und Nicole Filippi (Jahrgang \u00b472). Auf unserer einj\u00e4hrigen Transafrika-Reise im Jahr 2008 mit einem alten Mercedes Rundhauber &#8211; Baujahr \u00b465 &#8211; haben wir uns mit dem Reisevirus infiziert. Zur\u00fcck in Deutschland folgten verschiedene Touren:<\/p>\n<ul>\n<li><strong>2011: <\/strong>4-w\u00f6chige Rucksacktour durch Vietnam<\/li>\n<li><strong>2012:<\/strong> 6 Wochen mit dem Mietwagen durch Westaustralien<\/li>\n<li><strong>2013\/2014:<\/strong> 3 Monate mit einem Nissan Pickup und Dachzelt im s\u00fcdlichen Afrika (Botswana, Namibia, S\u00fcdafrika)<\/li>\n<li><strong>2014: <\/strong>4 Wochen mit dem Rad von Mernes nach Venedig.<\/li>\n<li><strong>2014: <\/strong>4 Wochen mit dem Nissan Pickup und Dachzelt durch S\u00fcdafrika und Swaziland<\/li>\n<\/ul>\n<p>Unsere Vorlieben liegen eher in der Natur als in der Stadt, gem\u00e4\u00df dem Aspekt \u201eNatur n\u00e4hrt, Stadt zehrt\u201c. F\u00fcr die Australienreise w\u00fcnschen wir uns eindringliche Natur- und Reiseerlebnisse. Dar\u00fcber hinaus machen vor allem die Reduktion auf das Notwendigste und die Fortbewegung aus eigener Kraft den Reiz dieser Tour aus: ohne ger\u00e4usch-vollen Motor und mit reduzierter Geschwindigkeit das Land \u201eerfahren\u201c.<\/p>\n<p style=\"text-align: left;\"><span style=\"text-decoration: underline;\">Uwe \u00fcber Uwe<\/span>: Der erste Buchstabe von <strong>U<\/strong>we ist das <strong>U.<br \/>\nU<\/strong> wie <strong>u<\/strong>nterwegs. Auf den Punkt gebracht lautet mein Motto: \u201eIch bin Uwe und ich bin gerne unterwegs. \u201cReisen, neue Orte kennenlernen, abends an einem anderen Ort sein wie am Morgen, dabei f\u00fchle ich mich wohl.<\/p>\n<p style=\"text-align: left;\"><span style=\"text-decoration: underline;\">Nicole \u00fcber Nicole<\/span>: Ohne Worte im Moment.<\/p>\n<p style=\"text-align: left;\"><span style=\"text-decoration: underline;\">Was bedeutet <em>karifa<\/em>?<\/span> <em>karifa<\/em> setzt sich aus den Buchstaben von Afrika zusammen. Dieses Wortspiel kam uns 2007 in den Sinn, als wir mit den Vorbereitungen f\u00fcr unsere 2008 stattfindende Transafrika-Reise Mernes (Hessen) &#8211; Kapstadt besch\u00e4ftigt waren und nach einem Namen f\u00fcr unsere website suchten.<\/p>\n","protected":false},"excerpt":{"rendered":"<p>&nbsp; &nbsp; &nbsp; &nbsp; &nbsp; &nbsp; Wer sind wir? Wir, das sind Uwe Filippi (Jahrgang \u00b467) und Nicole Filippi (Jahrgang \u00b472). Auf unserer einj\u00e4hrigen Transafrika-Reise im Jahr 2008 mit einem alten Mercedes Rundhauber &#8211; Baujahr \u00b465 &#8211; haben wir uns mit dem Reisevirus infiziert. Zur\u00fcck in Deutschland folgten verschiedene Touren: 2011: 4-w\u00f6chige Rucksacktour durch Vietnam [&hellip;]<\/p>\n","protected":false},"author":2,"featured_media":91,"parent":0,"menu_order":0,"comment_status":"closed","ping_status":"open","template":"sidebar-page.php","meta":{"ngg_post_thumbnail":0,"footnotes":""},"class_list":["post-65","page","type-page","status-publish","has-post-thumbnail","hentry"],"_links":{"self":[{"href":"https:\/\/karifa.de\/index.php?rest_route=\/wp\/v2\/pages\/65","targetHints":{"allow":["GET"]}}],"collection":[{"href":"https:\/\/karifa.de\/index.php?rest_route=\/wp\/v2\/pages"}],"about":[{"href":"https:\/\/karifa.de\/index.php?rest_route=\/wp\/v2\/types\/page"}],"author":[{"embeddable":true,"href":"https:\/\/karifa.de\/index.php?rest_route=\/wp\/v2\/users\/2"}],"replies":[{"embeddable":true,"href":"https:\/\/karifa.de\/index.php?rest_route=%2Fwp%2Fv2%2Fcomments&post=65"}],"version-history":[{"count":18,"href":"https:\/\/karifa.de\/index.php?rest_route=\/wp\/v2\/pages\/65\/revisions"}],"predecessor-version":[{"id":1354,"href":"https:\/\/karifa.de\/index.php?rest_route=\/wp\/v2\/pages\/65\/revisions\/1354"}],"wp:featuredmedia":[{"embeddable":true,"href":"https:\/\/karifa.de\/index.php?rest_route=\/wp\/v2\/media\/91"}],"wp:attachment":[{"href":"https:\/\/karifa.de\/index.php?rest_route=%2Fwp%2Fv2%2Fmedia&parent=65"}],"curies":[{"name":"wp","href":"https:\/\/api.w.org\/{rel}","templated":true}]}}